5
What is -4742790 (base 10) in base 8?
-22057206
What is 1296211 (base 12) in base 9?
6830264
Convert a08877 (base 15) to base 2.
11101000101000000000110
Convert 33054 (base 9) to base 14.
7db9
What is 173707 (base 8) in base 10?
63431
-30156025 (base 7) to base 9
-4632384
-152140610 (base 7) to base 14
-14c0db0
Convert -32314643 (base 7) to base 5.
-1201313241
What is 87223 (base 12) in base 14?
48d99
What is 5485a (base 11) in base 10?
79562
-2a3751 (base 11) to base 5
-110122113
-23296 (base 12) to base 9
-71486
1066337 (base 8) to base 7
2315345
What is -1c6d8 (base 16) in base 12?
-57474
What is 243013 (base 6) in base 16?
5391
What is -4542443 (base 6) in base 14?
-6040b
What is -27024045 (base 8) in base 12?
-2033171
Convert 7760a (base 12) to base 5.
20024442
Convert -21154553 (base 6) to base 2.
-10010111110100100101
1303003 (base 5) to base 9
37727
Convert 44719 (base 11) to base 15.
142c0
40336 (base 8) to base 11
11527
86e8a0 (base 15) to base 13
1440a29
-152d8e4 (base 15) to base 3
-1001212002011121
1916a0 (base 11) to base 5
33414422
What is -303313201 (base 4) in base 13?
-75913
Convert -6552713 (base 8) to base 5.
-422234132
411121140 (base 5) to base 2
110010101011101111011
What is 2634602 (base 10) in base 2?
1010000011001101101010
What is -43882 (base 10) in base 14?
-11dc6
Convert -1455422 (base 13) to base 5.
-3123411400
-4010241 (base 5) to base 15
-13ad1
What is 5f94e (base 16) in base 9?
656032
What is -12572b (base 14) in base 16?
-99c1b
What is -5763879 (base 10) in base 4?
-111333030213
What is 480dd (base 16) in base 12?
122965
-202210022220 (base 3) to base 8
-1437171
Convert -40540 (base 6) to base 2.
-1010100001100
What is -3521111 (base 6) in base 8?
-542703
c796 (base 14) to base 15
a307
124635311 (base 7) to base 15
a7d1b8
What is -4953419 (base 10) in base 5?
-2232002134
What is 131310011 (base 4) in base 3?
20012111212
What is -25257 (base 8) in base 14?
-3da7
-5ca46 (base 14) to base 16
-376d6
9087c (base 14) to base 7
2644615
-2002122100011 (base 3) to base 11
-6a16a5
Convert 50c1b3 (base 14) to base 12.
ab3569
What is 25857 (base 13) in base 10?
69531
What is 100100001101111 (base 2) in base 14?
6a87
Convert -1053443 (base 6) to base 7.
-313206
Convert -30256144 (base 7) to base 12.
-a15497
What is -264143 (base 11) in base 6?
-12523200
What is 131244024 (base 6) in base 7?
30665206
4c36dd (base 16) to base 15
689e06
Convert -127d55 (base 14) to base 15.
-c88c7
Convert -2320031 (base 9) to base 8.
-4617473
What is 2855326 (base 9) in base 16?
17fc97
What is 1001023030 (base 4) in base 13?
94681
What is 214126221 (base 7) in base 16?
c409a1
What is 1348076 (base 9) in base 7?
6203400
Convert 1388639 (base 12) to base 16.
3bb58d
What is 2d389c (base 15) in base 13?
5b8447
8640198 (base 10) to base 12
2a88146
Convert 36e777 (base 15) to base 4.
22002102130
Convert 210140441 (base 6) to base 15.
4c2267
Convert -3028607 (base 9) to base 8.
-6117712
Convert 31c7a (base 15) to base 8.
464561
What is -c9cd (base 14) in base 10?
-34873
a7728 (base 14) to base 4
1202310220
Convert 1211010032 (base 4) to base 5.
101221331
Convert 877647 (base 9) to base 15.
a53a1
31021333 (base 5) to base 3
110202221122
Convert 16171625 (base 10) to base 7.
254312411
Convert -11b2cb (base 14) to base 3.
-1010211122022
213113413 (base 5) to base 2
11011110010010010011
What is -6431202 (base 8) in base 12?
-6a9682
What is -110010101110110110111 (base 2) in base 13?
-462883
31202013 (base 4) to base 11
38712
What is 12012002200 (base 3) in base 12?
4b130
-31314452 (base 6) to base 3
-1201100012112
108a43 (base 15) to base 13
217ca4
What is -1ec84 (base 15) in base 3?
-12010010121
What is -d687 (base 14) in base 7?
-212530
Convert -404220 (base 12) to base 15.
-14c0bc
Convert 379053 (base 10) to base 11.
239874
What is -32ad (base 16) in base 14?
-4a29
Convert 501425314 (base 6) to base 11.
4871965
Convert -27a6a (base 13) to base 8.
-221047
132748 (base 10) to base 5
13221443
-100011100000011110 (base 2) to base 4
-203200132
748985 (base 11) to base 9
2225004
-6055710 (base 8) to base 13
-43b7bc
Convert 1226841 (base 9) to base 12.
2824b4
Convert 10212212100 (base 3) to base 11.
52487
1780d7 (base 14) to base 2
11001010010111001101
-1740554 (base 8) to base 6
-14521032
-3065120 (base 7) to base 6
-11524535
-41394 (base 10) to base 7
-231453
What is -100110010011110000100 (base 2) in base 15?
-19be1a
Convert -868017 (base 10) to base 11.
-543177
What is -1223011 (base 4) in base 9?
-10354
-2326506 (base 7) to base 15
-5bb70
1043332322 (base 5) to base 2
1000110111011001110111
Convert -10d223c (base 14) to base 11.
-45987a5
What is -111321310 (base 5) in base 6?
-14340341
Convert 100001001000100010 (base 2) to base 16.
21222
-13120325 (base 6) to base 7
-3441542
What is -8235382 (base 9) in base 8?
-20604467
What is 112010120011001 (base 3) in base 15?
9d53e7
Convert -100110121021 (base 3) to base 12.
-8b9ba
Convert 1978076 (base 13) to base 4.
133333113332
-19143 (base 12) to base 4
-20322003
What is 674132 (base 9) in base 6?
12350515
131315244 (base 7) to base 11
4822956
What is 1174014 (base 8) in base 6?
10551340
a51c1 (base 14) to base 10
398245
Convert -1104466 (base 7) to base 6.
-2525544
1332766 (base 10) to base 9
2451181
Convert 28b53 (base 12) to base 2.
1101111001101111
-1a3191 (base 14) to base 7
-10623641
Convert -1baa53 (base 15) to base 11.
-84402a
Convert 550 (base 13) to base 14.
490
-13022013444 (base 5) to base 14
-2158da8
What is -103565 (base 7) in base 10?
-18128
-368197 (base 10) to base 9
-621057
What is -12620325 (base 7) in base 11?
-726024
-2202101221012 (base 3) to base 13
-3c379a
-101000110110100 (base 2) to base 11
-14795
-6786 (base 15) to base 7
-120666
What is 121152001 (base 6) in base 5?
1042111313
What is -561452 (base 7) in base 2?
-11000001011001001
436cd (base 16) to base 6
5530325
Convert -44440 (base 13) to base 14.
-33160
Convert -3052890 (base 10) to base 6.
-145233430
Convert -523912 (base 10) to base 5.
-113231122
-11223045 (base 6) to base 5
-42023123
What is -59d57 (base 15) in base 14?
-765ab
What is -6186b9 (base 13) in base 2?
-1000101011011011110101
-111110101010111000100 (base 2) to base 6
-112003140
Convert 11102111000 (base 3) to base 6.
1511130
Convert 177717 (base 8) to base 14.
19c19
What is -5dd3b (base 16) in base 3?
-201112011220
Convert 2314a (base 11) to base 6.
414510
What is 1684908 (base 10) in base 16?
19b5ac
Convert -268998 (base 14) to base 4.
-11010231022
480575 (base 10) to base 15
975d5
Convert 1647c6 (base 15) to base 11.
677231
What is 7a144 (base 11) in base 9?
186061
3301144 (base 6) to base 12
7a7b4
What is -107ab3 (base 12) in base 6?
-5343143
2254432 (base 7) to base 2
1000100111110001100
-4120042000 (base 5) to base 9
-16654610
Convert 20020321 (base 4) to base 2.
1000001000111001
What is 545213 (base 6) in base 8?
130251
What is 2330744 (base 10) in base 16?
239078
What is 39d6b1 (base 14) in base 16?
1e75bb
-110111000100000100110 (base 2) to base 16
-1b8826
What is -140951 (base 13) in base 16?
-76ed4
-1010212001110 (base 3) to base 5
-123413141
-160026 (base 10) to base 3
-22010111220
What is -211012132 (base 5) in base 13?
-2488c3
What is -1205a3 (base 13) in base 11?
-273678
Convert -12243120211 (base 5) to base 6.
-1245324523
What is 1678a0 (base 11) in base 3?
111011200102
Convert 4b059b (base 13) to base 8.
6674174
What is -100010000001111011 (base 2) in base 5?
-13430022
1132120123 (base 4) to base 14
a0c55
1877b6 (base 13) to base 11
3911a8
What is cd133d (base 14) in base 9?
14072687
Convert 10151030 (base 7) to base 16.
d02ef
4abd6 (base 16) to base 4
1022233112
Convert 119d4 (base 16) to base 15.
1659d
8823 (base 12) to base 2
11101010011011
-2991793 (base 10) to base 12
-1003441
What is 167883 (base 9) in base 15?
20d46
What is 14340411 (base 6) in base 9?
834277
What is 402412134 (base 5) in base 13?
4436b5
What is 10201121111 (base 3) in base 8?
217201
Convert 11000324310 (base 5) to base 7.
201463056
What is -21ad31 (base 14) in base 16?
-11751f
Convert 110097 (base 13) to base 3.
202022200000
What is -539b66 (base 14) in base 7?
-33031356
-1027173 (base 12) to base 11
-179691a
What is -273d5a (base 14) in base 6?
-45015032
-36350 (bas